{"id":369,"date":"2021-04-23T12:29:31","date_gmt":"2021-04-23T10:29:31","guid":{"rendered":"http:\/\/hotellaloggia.com\/?page_id=369"},"modified":"2021-05-07T19:21:12","modified_gmt":"2021-05-07T17:21:12","slug":"i-giardini","status":"publish","type":"page","link":"https:\/\/hotellaloggia.com\/index.php\/i-giardini\/","title":{"rendered":"Il giardino"},"content":{"rendered":"\n\n<div class=\"ngg-galleryoverview ngg-slideshow\"\n\t id=\"ngg-slideshow-6ee007f323b2bc2caa59dfd7cadad49a-3441992880\"\n     data-gallery-id=\"6ee007f323b2bc2caa59dfd7cadad49a\"\n     style=\"max-width: 750px; max-height: 500px;\">\n\n \t<div id=\"ngg-image-0\" class=\"ngg-gallery-slideshow-image\" style=\"height:500px\">\n\n        <a href=\"https:\/\/hotellaloggia.com\/wp-content\/gallery\/il-giardino\/1giardino1a.jpg\"\n           title=\"\"\n           data-src=\"https:\/\/hotellaloggia.com\/wp-content\/gallery\/il-giardino\/1giardino1a.jpg\"\n           data-thumbnail=\"https:\/\/hotellaloggia.com\/wp-content\/gallery\/il-giardino\/thumbs\/thumbs_1giardino1a.jpg\"\n           data-image-id=\"61\"\n           data-title=\"1giardino1a\"\n           data-description=\"\"\n           class=\"ngg-simplelightbox\" rel=\"6ee007f323b2bc2caa59dfd7cadad49a\">\n\n            <img data-image-id='61'\n                 title=\"\"\n                 alt=\"1giardino1a\"\n                 src=\"https:\/\/hotellaloggia.com\/wp-content\/gallery\/il-giardino\/1giardino1a.jpg\"\n                 style=\"max-height: 480px;\"\/>\n        <\/a>\n\n        <\/div> \n<div id=\"ngg-image-1\" class=\"ngg-gallery-slideshow-image\" style=\"height:500px\">\n\n        <a href=\"https:\/\/hotellaloggia.com\/wp-content\/gallery\/il-giardino\/giardino5-1.jpg\"\n           title=\"\"\n           data-src=\"https:\/\/hotellaloggia.com\/wp-content\/gallery\/il-giardino\/giardino5-1.jpg\"\n           data-thumbnail=\"https:\/\/hotellaloggia.com\/wp-content\/gallery\/il-giardino\/thumbs\/thumbs_giardino5-1.jpg\"\n           data-image-id=\"12\"\n           data-title=\"giardino5-1\"\n           data-description=\"\"\n           class=\"ngg-simplelightbox\" rel=\"6ee007f323b2bc2caa59dfd7cadad49a\">\n\n            <img data-image-id='12'\n                 title=\"\"\n                 alt=\"giardino5-1\"\n                 src=\"https:\/\/hotellaloggia.com\/wp-content\/gallery\/il-giardino\/giardino5-1.jpg\"\n                 style=\"max-height: 480px;\"\/>\n        <\/a>\n\n        <\/div> \n<div id=\"ngg-image-2\" class=\"ngg-gallery-slideshow-image\" style=\"height:500px\">\n\n        <a href=\"https:\/\/hotellaloggia.com\/wp-content\/gallery\/il-giardino\/giardino4-1.jpg\"\n           title=\"\"\n           data-src=\"https:\/\/hotellaloggia.com\/wp-content\/gallery\/il-giardino\/giardino4-1.jpg\"\n           data-thumbnail=\"https:\/\/hotellaloggia.com\/wp-content\/gallery\/il-giardino\/thumbs\/thumbs_giardino4-1.jpg\"\n           data-image-id=\"11\"\n           data-title=\"giardino4-1\"\n           data-description=\"\"\n           class=\"ngg-simplelightbox\" rel=\"6ee007f323b2bc2caa59dfd7cadad49a\">\n\n            <img data-image-id='11'\n                 title=\"\"\n                 alt=\"giardino4-1\"\n                 src=\"https:\/\/hotellaloggia.com\/wp-content\/gallery\/il-giardino\/giardino4-1.jpg\"\n                 style=\"max-height: 480px;\"\/>\n        <\/a>\n\n        <\/div> \n<div id=\"ngg-image-3\" class=\"ngg-gallery-slideshow-image\" style=\"height:500px\">\n\n        <a href=\"https:\/\/hotellaloggia.com\/wp-content\/gallery\/il-giardino\/giardino7-1.jpg\"\n           title=\"\"\n           data-src=\"https:\/\/hotellaloggia.com\/wp-content\/gallery\/il-giardino\/giardino7-1.jpg\"\n           data-thumbnail=\"https:\/\/hotellaloggia.com\/wp-content\/gallery\/il-giardino\/thumbs\/thumbs_giardino7-1.jpg\"\n           data-image-id=\"10\"\n           data-title=\"giardino7-1\"\n           data-description=\"\"\n           class=\"ngg-simplelightbox\" rel=\"6ee007f323b2bc2caa59dfd7cadad49a\">\n\n            <img data-image-id='10'\n                 title=\"\"\n                 alt=\"giardino7-1\"\n                 src=\"https:\/\/hotellaloggia.com\/wp-content\/gallery\/il-giardino\/giardino7-1.jpg\"\n                 style=\"max-height: 480px;\"\/>\n        <\/a>\n\n        <\/div> \n<div id=\"ngg-image-4\" class=\"ngg-gallery-slideshow-image\" style=\"height:500px\">\n\n        <a href=\"https:\/\/hotellaloggia.com\/wp-content\/gallery\/il-giardino\/giardino3-1.jpg\"\n           title=\"\"\n           data-src=\"https:\/\/hotellaloggia.com\/wp-content\/gallery\/il-giardino\/giardino3-1.jpg\"\n           data-thumbnail=\"https:\/\/hotellaloggia.com\/wp-content\/gallery\/il-giardino\/thumbs\/thumbs_giardino3-1.jpg\"\n           data-image-id=\"9\"\n           data-title=\"giardino3-1\"\n           data-description=\"\"\n           class=\"ngg-simplelightbox\" rel=\"6ee007f323b2bc2caa59dfd7cadad49a\">\n\n            <img data-image-id='9'\n                 title=\"\"\n                 alt=\"giardino3-1\"\n                 src=\"https:\/\/hotellaloggia.com\/wp-content\/gallery\/il-giardino\/giardino3-1.jpg\"\n                 style=\"max-height: 480px;\"\/>\n        <\/a>\n\n        <\/div> \n<div id=\"ngg-image-5\" class=\"ngg-gallery-slideshow-image\" style=\"height:500px\">\n\n        <a href=\"https:\/\/hotellaloggia.com\/wp-content\/gallery\/il-giardino\/giardino2-1.jpg\"\n           title=\"\"\n           data-src=\"https:\/\/hotellaloggia.com\/wp-content\/gallery\/il-giardino\/giardino2-1.jpg\"\n           data-thumbnail=\"https:\/\/hotellaloggia.com\/wp-content\/gallery\/il-giardino\/thumbs\/thumbs_giardino2-1.jpg\"\n           data-image-id=\"8\"\n           data-title=\"giardino2-1\"\n           data-description=\"\"\n           class=\"ngg-simplelightbox\" rel=\"6ee007f323b2bc2caa59dfd7cadad49a\">\n\n            <img data-image-id='8'\n                 title=\"\"\n                 alt=\"giardino2-1\"\n                 src=\"https:\/\/hotellaloggia.com\/wp-content\/gallery\/il-giardino\/giardino2-1.jpg\"\n                 style=\"max-height: 480px;\"\/>\n        <\/a>\n\n        <\/div> \n<div id=\"ngg-image-6\" class=\"ngg-gallery-slideshow-image\" style=\"height:500px\">\n\n        <a href=\"https:\/\/hotellaloggia.com\/wp-content\/gallery\/il-giardino\/1_giardino1-1.jpg\"\n           title=\"\"\n           data-src=\"https:\/\/hotellaloggia.com\/wp-content\/gallery\/il-giardino\/1_giardino1-1.jpg\"\n           data-thumbnail=\"https:\/\/hotellaloggia.com\/wp-content\/gallery\/il-giardino\/thumbs\/thumbs_1_giardino1-1.jpg\"\n           data-image-id=\"7\"\n           data-title=\"1_giardino1-1\"\n           data-description=\"\"\n           class=\"ngg-simplelightbox\" rel=\"6ee007f323b2bc2caa59dfd7cadad49a\">\n\n            <img data-image-id='7'\n                 title=\"\"\n                 alt=\"1_giardino1-1\"\n                 src=\"https:\/\/hotellaloggia.com\/wp-content\/gallery\/il-giardino\/1_giardino1-1.jpg\"\n                 style=\"max-height: 480px;\"\/>\n        <\/a>\n\n        <\/div> \n<\/div>\n\n\n\n\n<h4 style=\"text-align: center;\">Il giardino pu\u00f2 rendere pi\u00f9 piacevole il soggiorno in hotel poich\u00e9 offre l\u2019opportunit\u00e0 di rilassanti passeggiate e giochi per bambini,<\/h4>\n<h4 style=\"text-align: center;\">ammirare tramonti seduti su una panchina insieme al proprio partner o alla propria famiglia o godersi semplicemente attimi interminabili di quiete.<\/h4>\n","protected":false},"excerpt":{"rendered":"<p>Il giardino pu\u00f2 rendere pi\u00f9 piacevole il soggiorno in hotel poich\u00e9 offre l\u2019opportunit\u00e0 di rilassanti passeggiate e giochi per bambini, ammirare tramonti seduti su una panchina insieme al proprio partner o alla propria famiglia o godersi semplicemente attimi interminabili di quiete.<\/p>\n","protected":false},"author":1,"featured_media":0,"parent":0,"menu_order":0,"comment_status":"closed","ping_status":"closed","template":"","meta":{"ngg_post_thumbnail":0},"_links":{"self":[{"href":"https:\/\/hotellaloggia.com\/index.php\/wp-json\/wp\/v2\/pages\/369"}],"collection":[{"href":"https:\/\/hotellaloggia.com\/index.php\/wp-json\/wp\/v2\/pages"}],"about":[{"href":"https:\/\/hotellaloggia.com\/index.php\/wp-json\/wp\/v2\/types\/page"}],"author":[{"embeddable":true,"href":"https:\/\/hotellaloggia.com\/index.php\/wp-json\/wp\/v2\/users\/1"}],"replies":[{"embeddable":true,"href":"https:\/\/hotellaloggia.com\/index.php\/wp-json\/wp\/v2\/comments?post=369"}],"version-history":[{"count":7,"href":"https:\/\/hotellaloggia.com\/index.php\/wp-json\/wp\/v2\/pages\/369\/revisions"}],"predecessor-version":[{"id":449,"href":"https:\/\/hotellaloggia.com\/index.php\/wp-json\/wp\/v2\/pages\/369\/revisions\/449"}],"wp:attachment":[{"href":"https:\/\/hotellaloggia.com\/index.php\/wp-json\/wp\/v2\/media?parent=369"}],"curies":[{"name":"wp","href":"https:\/\/api.w.org\/{rel}","templated":true}]}}